-14 + -9 + 37 + -4.
10
Evaluate 16 + (-71 - -16 - -17).
-22
Calculate 54 - -5 - (95 + -66).
30
50 - (-22 - -64) - (0 + -1 - 3)
12
4 + (9 + (-1 - -3) - (-13 - -18))
10
Evaluate 241 - 260 - (2 + -40).
19
Calculate 0 - -2 - 2 - ((57 - 128) + 106).
-35
What is -9 + 1 + -18 + -10 - -16?
-20
-13 - (-8 + 14 + -6 + -3 + 13)
-23
Calculate -4 + 1 + 37 + 25 + -65.
-6
Calculate 646 + -642 - (0 + 1 + 0) - -3.
6
Calculate 2 + 18 - (-5 + -7 - -22).
10
What is (11 - 24 - -13) + 3 + -23?
-20
Calculate (0 + 6 - ((-8 - -35) + -15)) + 5.
-1
What is -4 + -1 + (28 - 11)?
12
What is -24 + (33 - -17) - 12?
14
What is 841 + -852 - (2 - 1)?
-12
What is the value of 2 + (2 - (-2 - -13) - (111 + -113))?
-5
-21 + 5 + -259 + 250
-25
What is the value of -30 + (66 - 44 - 28)?
-36
Evaluate 17 - 18 - (-14 + (-10 - -30)).
-7
What is the value of 22 - (0 + (6 - -2) - 2) - -1?
17
What is the value of (-8 - (-5 - (-1 - -6))) + -1 + -2?
-1
Evaluate (-9 - (40 + -9)) + 13.
-27
10 + 9 + -32 + 8
-5
Evaluate (15 + -16 - (0 - -12)) + (5 - 6).
-14
What is (-5 - -1 - (-18 + (-4 - -7))) + -1?
10
-3 - (8 - (2 + -5)) - (2 + 3)
-19
Calculate 6 + (8 + 4 - 23 - -16).
11
-9 + (-6 - 1 - (-31 + 3 + 23))
-11
Calculate (11 - (3 + -7)) + (-6 - (-7 - -5)).
11
Calculate 18 + 31 - 36 - (15 - 2).
0
What is (8 - (-5 + 5)) + -18?
-10
What is the value of 252 + -247 + -7 + (1 - 0)?
-1
What is the value of -33 + 7 + (23 - 8)?
-11
Calculate -22 + 13 - (13 + -10 - 7).
-5
What is the value of (120 - 119) + -6 + 0 + (2 - 5)?
-8
What is the value of (0 - (1 + 0)) + -143 + 141 + -1?
-4
What is the value of 11 + (-19 - (-11 - (-10 + -12)))?
-19
What is -90 - -85 - (2 - (4 + -2) - 2)?
-3
What is the value of 4 + -10 - -5 - ((3 - 3) + -12)?
11
What is the value of 15 + -12 + (12 - 25)?
-10
What is (3 - 2) + -2 - (148 - 149)?
0
What is the value of -44 - -16 - -28 - ((0 - -3) + -24)?
21
Calculate 3 + -3 + -7 + -4.
-11
What is 12 - ((-2 + 7 - 9) + 1)?
15
Calculate 2 + 0 + (-7 - -18) + 8 + -39.
-18
What is -6 - (-6 + -6 + -4 - -9)?
1
Evaluate -5 + (11 - (-4 - -9)) + -6.
-5
Evaluate -8 - (9 + -22 + 5).
0
Evaluate -20 - (-27 + 3 - -17).
-13
-19 - (-10 + (-2 - -14))
-21
Calculate 0 - (10 + 8 + 1 + -7).
-12
76 + -43 + (-4 + 1 - 5)
25
-7 - (-1 + (7 + (6 - 15) - -1))
-5
Evaluate -5 + (-25 - (4 - 10)).
-24
Evaluate (-7 - -1) + -295 + 298 + -2.
-5
Evaluate -3 - 3 - (-1 - (6 - (-2 + 3))).
0
Evaluate 7 - (-3 + -4) - 3.
11
-37 - -1 - (133 + -193)
24
Evaluate 4 - (15 - 19) - -3.
11
What is (-8 - (-2 - -7)) + 17?
4
What is the value of -4 - (-5 + 14 + 1 + -4) - 7?
-17
What is the value of 12 - (57 - (-10 - -34))?
-21
9 + (-4 - 1) + 3
7
What is -5 + 1 + -53 + 58?
1
Evaluate -7 + 34 + (-3 + -21 - -13).
16
What is the value of -18 + -2 + (30 - -2)?
12
What is (20 - -2) + (-23 - -19) + (-6 - -13)?
25
What is the value of -2 - -1 - -1 - -2 - (8 + -8)?
2
What is the value of 16 + 21 + -34 + 19?
22
3 + -1 - (2 + -2) - (-1049 + 1054)
-3
What is (-14 - -24 - -3) + -11 - -5?
7
Evaluate -4 - (-23 + -5 + 18) - (36 + -2).
-28
Calculate 2 - -3 - (1 + -9 + 0).
13
-5 + 28 + -19 - -3 - 8
-1
What is the value of (-8 - -15 - -1 - 0) + -61 + 23?
-30
Calculate 31 + 0 - ((8 - -22) + -13).
14
Calculate -1 - (-10 + -8 + (-10 - -17)).
10
3 + (11 - (-5 - -5)) + -14
0
(-4 - 4) + 60 + -29 + -22
1
-3 - (-8 + 4) - (-5 - -18)
-12
Calculate (738 - 731) + (-11 - 0) + 20 + -1.
15
What is 46 + (-27 - 19) - (-1 + -2 + -24)?
27
Evaluate -2 + -9 + -100 + 91.
-20
What is -7 + (-9 - 2 - -24)?
6
-2 + -1 - -1 - (10 + 6 + -18)
0
What is -4 - -14 - -32 - 30?
12
What is the value of -8 + 2 - (-20 + 2 - -4)?
8
Evaluate -22 + -26 + 35 + -1.
-14
Evaluate 29 + 26 + (-46 - 1).
8
What is the value of 11 + (-17 - -3) + 8 - (10 - 1)?
-4
What is the value of -23 + 30 - ((3 - (-2 - -20)) + 2)?
20
Calculate (-2 - 11) + -287 + 288.
-12
What is 7 + (8 - -2 - 4)?
13
Evaluate 20 - (8 + 10) - 9.
-7
What is (13 - 14) + 3 - 14?
-12
Calculate 21 + (3 - (9 + 1)) - 25.
-11
Calculate -34 + 1 - ((117 - 119) + 1 + 1).
-33
Calculate -5 + (-16 - -26) - (7 + (2 - 1)).
-3
-6 - (1 + (-6 - -20) + -5)
-16
327 - 332 - (-1 - -8)
-12
Evaluate 6 + -26 - (-6 + 2 + 5).
-21
Calculate -38 - (13 + -32) - -34.
15
Evaluate 33 + (-20 + -17 - -14).
10
What is (5 - -1) + (-36 - -39)?
9
Calculate 0 - 23 - (5 + -11 - -5) - -6.
-16
What is the value of -9 + 10 + -12 + 11 + -3?
-3
(51 - 38 - 17) + -21
-25
What is the value of (803 - 838) + (0 - -49)?
14
Evaluate 12 + 11 + -7 + (-2 + -1 - 4).
9
What is 80 + -76 + (-5 - -30) + -1 + -1?
27
What is 6 + -21 + 3 + 16?
4
What is 64 + -93 - (-2 + -12)?
-15
Evaluate 1 - 16 - (-25 + 22 - -13) - 5.
-30
What is the value of -2 + 10 + 4 - 17?
-5
What is the value of 3 + (-1 + -14 - -2) + 11?
1
Evaluate (0 + -28 - (-8 + 8 + -3)) + 6.
-19
What is the value of -10 + 16 + -1 + (-7 - -7)?
5
15 + (0 - 21) + 4
-2
Calculate -5 + 8 + -7 + (-5 - (1 - -1)).
-11
What is (20 + -6 + -4 - 14) + 36?
32
-6 + -5 + (-2 - (-6 + 13) - -3)
-17
Calculate (1 - 5) + 46 + -56 + (2 - -10).
-2
8 - (1 - (6 + 3)) - 8
8
What is (44 - 37 - 12) + 2 + 10?
7
What is -9 + (-38 + 53 - 24)?
-18
What is the value of -29 - (-4 + -2 + -14)?
-9
What is -23 - -15 - -22 - -16 - (0 - 0)?
30
What is the value of 111 - 96 - (5 + 2 - (5 - 5))?
8
What is the value of 0 - 0 - (25 - 69 - -37)?
7
4 + -3 + (-8 - -7 - -8)
8
What is the value of 7 + 0 + -95 + 85?
-3
What is (-14 - 0) + (-10 - -19) + -9?
-14
What is (1 - 4) + 2 - 0 - (-218 + 222)?
-5
What is the value of -16 + 14 + -5 + -2?
-9
What is 61 + -51 + (-1 - 40) - (-8 + -1)?
-22
69 - 66 - (0 - 0)
3
What is -20 - ((43 - 35) + -34)?
6
What is (11 - 12) + -3 - (7 - 3)?
-8
Evaluate (-11 - (5 - (10 - -2))) + (-7 - 0).
-11
Calculate (337 - 370) + (3 + -1 - -10).
-21
Calculate (-53 - -23) + 27 - (-5 + 31).
-29
Calculate 0 - ((-4 - 10) + 13).
1
Evaluate (3 - -4) + -3 + -15 + 67 + -71.
-15
Calculate 7 + (8 + (4 + -2 - 7) - 4).
6
What is 4 + -19 + 6 + -7?
-16
Evaluate 6 + -41 + 48 + 1 + -1 - 6.
7
-12 - 26 - (-14 + -2)
-22
Calculate -49 - -60 - (-2 + 10) - (0 + -30).
33
Calculate -8 + 10 + (-16 - -6).
-8
What is (1 - 3 - (-47 - -47)) + (16 - 0)?
14
Evaluate (-37 - -22) + (1 - -25).
11
Calculate -7 + (7 - 4 - 5) + (78 - 30).
39
What is (30 - (29 - 6)) + 1 + 5?
13
Evaluate 21 + 8 + -32 + -1 + 2 + -17.
-19
Evaluate -7 - (-3 + (-8 - -8) + 9).
-13
What is the value of 0 + 24 + -20 + -3 + -2?
-1
Calculate -1 + 1 - -1 - (-1 - (2 - 4)).
0
What is -25 + (8 - (-31 - -16))?
-2
What is the value of -12 - -3 - (-7 + 1 + (2 - -4))?
-9
What is the value of -1 + 2 + 7 + -16?
-8
-6 - (3 + 0 + -9)
0
Calculate -6 + 3 + (21 - 5) + (38 - 45).
6
Calculate (-15 + 6 - 10) + 3.
-16
What is the value of -28 - -28 - (10 + 1) - -6 - 2?
-7
-34 + 52 + (4 - 0)
22
Calculate 151 + -144 - (0 + 2).
5
What is 7 - (13 - (-18 - -8))?
-16
Calculate 10 + -11 + 21 + -5 + -10.
5
What is (32 - (0 + 0)) + 1973 + -1983?
22
Calculate -22 + 34 - (-2 - -1) - 3.
10
-9 - (-3 - 5 - (3 + 6 + -15))
-7
Calculate 3 + 0 + 17 + -11 + (4 - 16).
-3
Evaluate 9 - (-34 + 9 - -12).
22
What is the value of (13 - 7 - 3) + -3 + -7?
-7
Evaluate (-2 - -13) + 5 - (22 + -15).
9
What is -218 + 225 + (18 - 2 - 5)?
18
What is 8 + -42 + -42 + 104?
28
What is the value of (4 - (17 - 1)) + 5?
-7
Evaluate (1 - -3) + 14 + (-5 - 7).
6
9 + (-36 - -11) - -13
-3
-1 + (-11 - -4) + (-8 + -4 - -13)
-7
What is the value of (3 - (0 - 1)) + -1 - (-824 - -847)?
-20
(-4 - -1 - 0 - (-243 + 248)) + 1
-7
What is 41 + -1 + -37 - ((-3 - -1) + -2)?
7
Calculate -18 + (48 - 14) - (-2 + 7) - 29.
-18
What is the value of (-363 - -369) + (-20 - (1 + (2 - 2)))?
-15
What is the value of -19 - (-20 + -24) - 8?
17
What is 5 - (0 + -3 + 13 + -10 + 3)?
2
Calculate 50 + (29 + -68 - 2).
9
Calculate (26 - (-28 + 24)) + -40.
-10
Calculate (12 - 0) + (-7 + 16 - -16) + -16.
21
333 - 334 - (-3 - (0 + -2))
0
What is (5 - (3 - 5)) + -14 + 27 + -7?
13
1 + (3 + -7 - (3 + -3 + -2))
-1
What is the value of 11 - (4 + (6 - 9))?
10
-13 + 3 + 0 + 3 + -7
-14
(-6 + 10 - -14) + -28
-10
-18 - (-9 + -1) - (-1 - 1)
-6
(27 + -25 - 6) + (-2 - -1) + -3
-8
Evaluate (4 - (17 + -13)) + 7.
7
Calculate (35 - 50) + (1 - -23).
9
Calculate -14 + 42 - 21 - (-1 + -9 - -1).
16
What is the value of -38 + -3 + 84 - 24?
19
2 + -32 + 26 + (-2 - -2)
-4
(1 + 2 - (4 - 7 - -9)) + -2
-5
(3 - (2 + -3)) + 2 - (-105 - -79)
32
Evaluate -4 - (